{"id":43,"date":"2025-11-25T21:46:22","date_gmt":"2025-11-25T21:46:22","guid":{"rendered":"https:\/\/www.eventswithheart.de\/?page_id=43"},"modified":"2026-01-14T08:59:40","modified_gmt":"2026-01-14T08:59:40","slug":"startseite","status":"publish","type":"page","link":"https:\/\/www.eventswithheart.de\/","title":{"rendered":"Startseite"},"content":{"rendered":"\n<p class=\"has-background\" style=\"background-color:#f4c000;font-size:30px\"><strong>Unvergessliche Momente.<\/strong> <br><strong>Mit Herz gemacht.<\/strong><\/p>\n\n\n\n<p class=\"has-medium-font-size\">Ihre Veranstaltung verdient mehr als Organisation \u2013 sie verdient Leidenschaft. <em>Events with Heart<\/em> plant und gestaltet Hochzeiten, Firmenfeiern und besondere Anl\u00e4sse auf der Schw\u00e4bischen Alb. Mit regionalem Know-how, nachhaltigem Denken und pers\u00f6nlicher Betreuung verwandeln wir Ihre Vision in ein Event, das ber\u00fchrt.<\/p>\n\n\n<div class=\"wp-block-image\">\n<figure class=\"aligncenter size-full is-resized\"><img loading=\"lazy\" decoding=\"async\" width=\"886\" height=\"827\" src=\"https:\/\/www.eventswithheart.de\/wp-content\/uploads\/2025\/11\/ewh_KeyVisual-Baum_150x140mm_medium_black.png\" alt=\"\" class=\"wp-image-99\" style=\"width:221px;height:auto\" srcset=\"https:\/\/www.eventswithheart.de\/wp-content\/uploads\/2025\/11\/ewh_KeyVisual-Baum_150x140mm_medium_black.png 886w, https:\/\/www.eventswithheart.de\/wp-content\/uploads\/2025\/11\/ewh_KeyVisual-Baum_150x140mm_medium_black-300x280.png 300w, https:\/\/www.eventswithheart.de\/wp-content\/uploads\/2025\/11\/ewh_KeyVisual-Baum_150x140mm_medium_black-768x717.png 768w\" sizes=\"auto, (max-width: 767px) 89vw, (max-width: 1000px) 54vw, (max-width: 1071px) 543px, 580px\" \/><\/figure>\n<\/div>\n\n\n<p><\/p>\n","protected":false},"excerpt":{"rendered":"<p>Unvergessliche Momente. Mit Herz gemacht. Ihre Veranstaltung verdient mehr als Organisation \u2013 sie verdient Leidenschaft. Events with Heart plant und gestaltet Hochzeiten, Firmenfeiern und besondere Anl\u00e4sse auf der Schw\u00e4bischen Alb. Mit regionalem Know-how, nachhaltigem Denken und pers\u00f6nlicher Betreuung verwandeln wir Ihre Vision in ein Event, das ber\u00fchrt.<\/p>\n","protected":false},"author":1,"featured_media":0,"parent":0,"menu_order":0,"comment_status":"closed","ping_status":"closed","template":"","meta":{"footnotes":""},"class_list":["post-43","page","type-page","status-publish","hentry"],"_links":{"self":[{"href":"https:\/\/www.eventswithheart.de\/index.php?rest_route=\/wp\/v2\/pages\/43","targetHints":{"allow":["GET"]}}],"collection":[{"href":"https:\/\/www.eventswithheart.de\/index.php?rest_route=\/wp\/v2\/pages"}],"about":[{"href":"https:\/\/www.eventswithheart.de\/index.php?rest_route=\/wp\/v2\/types\/page"}],"author":[{"embeddable":true,"href":"https:\/\/www.eventswithheart.de\/index.php?rest_route=\/wp\/v2\/users\/1"}],"replies":[{"embeddable":true,"href":"https:\/\/www.eventswithheart.de\/index.php?rest_route=%2Fwp%2Fv2%2Fcomments&post=43"}],"version-history":[{"count":13,"href":"https:\/\/www.eventswithheart.de\/index.php?rest_route=\/wp\/v2\/pages\/43\/revisions"}],"predecessor-version":[{"id":289,"href":"https:\/\/www.eventswithheart.de\/index.php?rest_route=\/wp\/v2\/pages\/43\/revisions\/289"}],"wp:attachment":[{"href":"https:\/\/www.eventswithheart.de\/index.php?rest_route=%2Fwp%2Fv2%2Fmedia&parent=43"}],"curies":[{"name":"wp","href":"https:\/\/api.w.org\/{rel}","templated":true}]}}